1000000110100?
-10001000000001000000101111
In base 9, what is -838 + -117432?
-118371
In base 14, what is 20783 + -2?
20781
In base 5, what is -2103024340 + -4?
-2103024344
In base 13, what is 161 - 4ca06?
-4c875
In base 13, what is -5 - 635183?
-635188
In base 8, what is -264 - 45066?
-45352
In base 14, what is -985c88d - 2?
-985c891
In base 13, what is 12 - 21c6b?
-21c59
In base 2, what is -101001001001011 - 1000101001110?
-110001110011001
In base 3, what is 2 + -1121221200111202?
-1121221200111200
In base 15, what is -1774 - -51a?
-1259
In base 2, what is 0 - -1011101101100101110100?
1011101101100101110100
In base 2, what is 100001101000 + -1010100100010?
-110010111010
In base 10, what is -994509 + 21?
-994488
In base 3, what is -100100012221021111 + 1?
-100100012221021110
In base 4, what is -1322 - 12112331?
-12120313
In base 7, what is -565 + 26423?
25525
In base 4, what is 232020 - 3203103?
-2311023
In base 3, what is -2 + 102220200200011?
102220200200002
In base 16, what is 5d445 + -1?
5d444
In base 14, what is -b8 + -3065b?
-30735
In base 11, what is -1700a5337 + 4?
-1700a5333
In base 13, what is 3 - -1430ac7?
1430aca
In base 11, what is -3096 + -506?
-35a1
In base 2, what is -1110101101101000110 - -1110111?
-1110101101011001111
In base 13, what is -b2 - -1b2aa?
1b1c8
In base 14, what is 185d8 + 39d?
18997
In base 12, what is 131 + 240704?
240835
In base 7, what is 52 + 535362?
535444
In base 3, what is 10122120011 + -220100?
10121122211
In base 9, what is -663888 + 32?
-663856
In base 12, what is 1170881 + -5?
1170878
In base 5, what is 14 + 413102043?
413102112
In base 14, what is 5713 + 14b0c?
1a421
In base 4, what is -20020 + -21301000?
-21321020
In base 2, what is 1 + -11100010000000111011?
-11100010000000111010
In base 5, what is 3243404114 - 213?
3243403401
In base 3, what is 11 + -202222110020?
-202222110002
In base 10, what is -213104 + -933?
-214037
In base 8, what is -7462130624 + -4?
-7462130630
In base 13, what is 1ba - -2109b9?
210ba6
In base 3, what is -100002 + 2202022111?
2201222102
In base 4, what is -120132 - 21220020?
-22000212
In base 3, what is -11 + 100022011112101?
100022011112020
In base 4, what is -333103022 + -22101?
-333131123
In base 16, what is d608 - 5f?
d5a9
In base 14, what is -20bdc23d - -3?
-20bdc23a
In base 14, what is 2a63a + -4b8?
2a162
In base 14, what is 5b318 + -d?
5b309
In base 16, what is 157 - 26e9?
-2592
In base 16, what is 6 + -98c8?
-98c2
In base 8, what is -11 - 642622?
-642633
In base 8, what is 75 - 327644?
-327547
In base 15, what is -6a9c02 + 7?
-6a9bea
In base 4, what is 2033220 - -322301?
3022121
In base 10, what is -2 - 21081876?
-21081878
In base 16, what is 15c9e - -31?
15ccf
In base 5, what is 11004 + -114442312?
-114431303
In base 15, what is 0 - 2c1c4c2?
-2c1c4c2
In base 16, what is -6b + 30c43e?
30c3d3
In base 9, what is -3 + -217017?
-217021
In base 13, what is 5 + 32146b75?
32146b7a
In base 11, what is -10 - -11008808?
110087a8
In base 2, what is 1001010 + 11000111100010011011?
11000111100011100101
In base 6, what is -50453 - 4000?
-54453
In base 4, what is -20 + -200230213013?
-200230213033
In base 11, what is 2719 + 3271?
598a
In base 15, what is -2 + -2a4333a?
-2a4333c
In base 10, what is 80 + -1294422?
-1294342
In base 6, what is 30425100055 - -2?
30425100101
In base 14, what is -c3 - 93716?
-937d9
In base 6, what is -320455 + 3551?
-312504
In base 5, what is -1404331 + 3040?
-1401241
In base 9, what is 1234715 + 20?
1234735
In base 5, what is 12 - -1122443100?
1122443112
In base 11, what is -1839 + -1179?
-2a07
In base 14, what is -230 - -751ac6?
751896
In base 15, what is 2dc87 + 1d?
2dca5
In base 2, what is -1111001010 + 100001010111001001?
100001000111111111
In base 11, what is 57744a - 2?
577448
In base 5, what is -112 + 2242401313?
2242401201
In base 12, what is 395666 + ab?
395755
In base 4, what is -1302233 - -311003330?
303101031
In base 7, what is -463 - -1331311?
1330515
In base 4, what is -2032 + 10201012?
10132320
In base 2, what is -10 - 100011001111000010110011?
-100011001111000010110101
In base 10, what is -357511 - 19?
-357530
In base 3, what is 1011200 + 22120101?
100202001
In base 13, what is 310 + -68045?
-67a35
In base 9, what is -56831 - 51?
-56882
In base 2, what is 111110011110 - 111010010001?
100001101
In base 11, what is -33262 - 141?
-333a3
In base 14, what is d + 153a2b?
153a3a
In base 10, what is 841550401 - -4?
841550405
In base 11, what is -2 + -33473?
-33475
In base 16, what is -2 - -341b56?
341b54
In base 7, what is 1260514425 - 5?
1260514420
In base 3, what is 11 - -212022100212100?
212022100212111
In base 15, what is 5037cb - 4?
5037c7
In base 7, what is 6303 + -102454?
-63151
In base 14, what is -9 + 84280c?
842803
In base 8, what is 4502 + -6714?
-2212
In base 8, what is -25271673 - -273?
-25271400
In base 9, what is -124 + -4246885?
-4247120
In base 15, what is -4b1c0a - 3?
-4b1c0d
In base 9, what is -385820 + 3?
-385816
In base 8, what is -1415414675 + -4?
-1415414701
In base 3, what is 11022002220211222 + 2?
11022002220212001
In base 14, what is aa + -77392d?
-773863
In base 8, what is 526457 - -22400?
551057
In base 3, what is -1221020000010021 - -11?
-1221020000010010
In base 8, what is 247541251 - -3?
247541254
In base 8, what is 63 - 342171?
-342106
In base 15, what is -17a + 311e0?
31065
In base 14, what is 969 - 104d?
-4c4
In base 4, what is 10 - -332213311220?
332213311230
In base 14, what is -89b8 - 5b6?
-9190
In base 9, what is -262 + -124227?
-124500
In base 13, what is 58c + 3669b?
36c5a
In base 12, what is -86 + -57592?
-57658
In base 10, what is 22 - -1251867?
1251889
In base 7, what is -1 - 10344552?
-10344553
In base 7, what is -11415 + 135201?
123453
In base 16, what is -8 - -6c4c4?
6c4bc
In base 8, what is -61571020 + -4?
-61571024
In base 9, what is 16 + 35654862?
35654878
In base 15, what is -3 + 1401d70?
1401d6c
In base 3, what is -12021 - -212112200211?
212112111120
In base 16, what is -1a1374 + a?
-1a136a
In base 16, what is 123e1a1 - -1a?
123e1bb
In base 4, what is -13 - -1322323222?
1322323203
In base 10, what is -4356 + -160?
-4516
In base 9, what is 3413 + 22603?
26116
In base 6, what is 54 - -25224032?
25224130
In base 10, what is 6 + -54526?
-54520
In base 15, what is 14ae82dd - -3?
14ae82e1
In base 15, what is 7 - -16bd966?
16bd96d
In base 3, what is -100011012212222110 + 12?
-100011012212222021
In base 11, what is 2 - -3399568?
339956a
In base 16, what is 3a - -4f081?
4f0bb
In base 16, what is 131703e - -1?
131703f
In base 15, what is 7023c - 1?
7023b
In base 12, what is -132a1 + 5266?
-a037
In base 3, what is 2122100212001 + 10112?
2122100222120
In base 10, what is -240954 - 200?
-241154
In base 6, what is -5430151 + -11?
-5430202
In base 5, what is -1114 - 23314104?
-23320223
In base 15, what is -66d9d8 - 10?
-66d9e8
In base 6, what is -404 - 30343315?
-30344123
In base 12, what is -a85 - 2653?
-3518
In base 2, what is 1001110001000 + 101011000111?
1111001001111
In base 14, what is 1a26 - aac?
d58
In base 16, what is -21 + 575d?
573c
In base 16, what is -95095 - -537?
-94b5e
In base 6, what is -1235 + 2405433?
2404154
In base 4, what is -221 + 303000303?
303000022
In base 10, what is -1765876 - 114?
-1765990
In base 6, what is -5 - 152011324?
-152011333
In base 10, what is -6147 + 13979?
7832
In base 6, what is -4010110 + -1104?
-4011214
In base 5, what is -2143121240 + 4?
-2143121231
In base 5, what is 11021243 - 43440?
10422303
In base 9, what is 826 + -300144?
-288217
In base 14, what is -215bb - 10?
-215cb
In base 6, what is -20 - -1140101?
1140041
In base 4, what is 33 - -1100331101?
1100331200
In base 16, what is -15ecbfa - -2?
-15ecbf8
In base 4, what is 31230230210321 - -1?
31230230210322
In base 5, what is -241212310 + 43?
-241212212
In base 14, what is -1a5cac - 119?
-1a5dc7
In base 12, what is 3 + -6647909?
-6647906
In base 16, what is 18 - -4e355a?
4e3572
In base 13, what is 3 + -6c1a46?
-6c1a43
In base 4, what is 332 - 1111321311?
-1111320313
In base 12, what is -1979 + -a3a9a?
-a5857
In base 14, what is 862a7d0 + 0?
862a7d0
In base 4, what is 3033030 + 21100010?
30133100
In base 7, what is -611 - 10040024?
-10040635
In base 6, what is -2003204 + 1311?
-2001453
In base 15, what is 